t d(c) = -c**3 - 5*c**2 - 2*c - 7. Suppose 6*k - 40 = 32. Suppose 5*p + 13 + k = 0. Give d(p).
3
Let b(v) = v**3 + v**2 + v + 1. Let s(j) = -2*j + 3. Let a be s(-6). Let w = -9 + a. Let r be (3 + 0)/w*-2. Calculate b(r).
0
Suppose 3*q - 8 = 1. Suppose -q*d + 3*l = -0*l - 33, -5 = l. Let h(n) = -n + 5. Determine h(d).
-1
Let g(m) = m**2 + 11*m + 9. Let u(i) = -i**3 + 4*i**2 + 12*i - 9. Let r be u(6). Give g(r).
-9
Let w(m) = 3*m - 2. Let z = 145 - 113. Suppose -3 - z = -5*k. Calculate w(k).
19
Let d(b) = -4*b + b + 0*b + 0*b - 4. Let q(x) = -x + 19. Let w be q(0). Suppose o - 10 = 3*o - k, -5*o - w = -k. Determine d(o).
5
Let z(s) = -2*s**2 - 3*s - 2. Let h be 16/(-64) - (-98)/8. Let f = -2 + h. Suppose -f*b + 11*b = -2. Calculate z(b).
-4
Let k(b) = -3*b - 2. Suppose 2*z = 14 - 0. Let p(u) = 7 + z*u - 2*u + u - 2. Let h(s) = 5*k(s) + 2*p(s). Calculate h(4).
-12
Let l(f) = 4*f**2 + 41*f. Let q(n) = -n**2 - 10*n. Let c(j) = 2*l(j) + 9*q(j). Let i be (9/(10 - 1))/((-3)/15). Calculate c(i).
15
Let w(y) be the first derivative of -y**3/3 + 9*y**2/2 - y + 164. Determine w(5).
19
Let x(m) = 18*m - 2*m**2 - 4 - m**2 + 16*m - 41*m. What is x(-3)?
-10
Let q(x) = x**3 + 3*x**2 - 5*x + 1. Let d(n) = n - 2. Let b be d(6). Suppose -b*f + 4 = -5*f. Calculate q(f).
5
Suppose 6*i + 30 = i. Let p be (30/(-5))/(i/(-4)). Let d(r) = 2*r + 50 - 16 - 16 - 19 + r**3 + 5*r**2. Give d(p).
7
Let c(a) be the third derivative of -a**5/60 - a**4/6 - a**3/6 - 15*a**2. Let w be ((-4)/1 - 1)/1. Calculate c(w).
-6
Let z = 3 - 0. Let x(h) = -3*h - 7. Let g(v) = v + 4. Let c(l) = z*x(l) + 5*g(l). What is c(3)?
-13
Let g(k) = -k**2 - 5*k - 5. Suppose -2*p - 1 = -f, -f + 0 - 3 = 2*p. Let s = -4 + f. Give g(s).
-5
Let b(i) be the second derivative of 13*i + 1/20*i**5 - 3/4*i**4 + 0 + 11/2*i**2 - 2*i**3. Give b(10).
-9
Let s(i) = -4*i**3 - 9*i**2 + 0*i**3 + 13*i**2 - 8*i**3 + 5*i + 6. Let g(t) = 36*t**3 - 11*t**2 - 14*t - 17. Let u(l) = 6*g(l) + 17*s(l). What is u(-1)?
-11
Let m be (-1)/3 + 40/30 + 3. Let x(s) = -s - 1. Give x(m).
-5
Suppose 5*t - 26 = -2*h, -t + 3*h + 4 = 9. Let z(p) be the third derivative of -1/12*p**4 - 3*p**2 + 2/3*p**3 + 0 + 0*p. Calculate z(t).
-4
Let f(b) be the second derivative of 3*b**4/4 + b**3/2 + b**2/2 + 82*b + 1. What is f(-2)?
31
Let h(t) = -t**3 + 5*t**2 + 10*t + t**3 - 294 - t**3 + 293. Calculate h(7).
-29
Suppose 0*y - 20 = 3*x + 2*y, 0 = 2*x - 3*y + 9. Let h(d) = -d**2 - 7*d + 3. Let t be h(x). Let s(u) = -5 + u**2 + 13 - t + 8*u**3. Determine s(1).
8
Let k(a) = -7*a**2 - 1 + 49*a - 5 + a**3 - 42*a. Suppose j - 4 - 2 = 0. What is k(j)?
0
Let u(o) = 2*o**3 + 4*o**2 - o - 4. Let b(l) = 2*l**3 + 5*l**2 - 5. Let z(y) = -2*b(y) + 3*u(y). Determine z(-2).
-4
Let s be -3 + (-2)/((-4)/42). Let q = s - 25. Let y(f) = -f**3 - 7*f**2 + 2*f + 9. Determine y(q).
-5
Let r = -1626 - -1614. Let d(f) = f**3 + 13*f**2 + 13*f + 10. Determine d(r).
-2
Let u = 154 + -152. Suppose f - 8 = -f. Suppose -u*r + 1 = -3*q, r = f*r - 4*q - 1. Let t(p) = 6*p + 1. Give t(r).
-5
Let p(a) be the first derivative of a**4/2 + 4*a**3/3 + 3*a**2/2 + 176. Determine p(-2).
-6
Suppose 8*l - 7*l + 3*j = 3, 2*l = -4*j. Let d(n) = n**2 + 3*n - 5. What is d(l)?
13
Let v(x) = x**2 - 4*x + 2. Let q be v(4). Let c(t) = -3*t - 2*t + 4*t + 6*t + 3 - 16*t. What is c(q)?
-19
Let z(t) = -t**3 - 5*t**2 + 8*t + 2. Let r be (-7)/7*7 - -1. Give z(r).
-10
Let h(q) = q**2 + 9*q + 12. Let p(o) = -o**2 + 13*o + 40. Let f be p(16). Give h(f).
4
Let h = -1 - -8. Let i(x) = 8 - x + x**3 - 8*x**2 + 10*x**2 - 4*x - 3*x - 8*x**2. Determine i(h).
1
Suppose -r = -4*r + 6. Suppose r = -2*o + 8. Let i(f) = 3*f. Let x(v) = 16*v + 1. Let z(b) = -11*i(b) + 2*x(b). Calculate z(o).
-1
Let h be 4/6*(-126)/84. Let z(q) = -6*q - 1. Determine z(h).
5
Suppose -5*d + 3*d = -4*j + 100, 4*d = -j - 218. Let u = d - -55. Let g(n) be the first derivative of 2*n**2 + 1. What is g(u)?
4
Let p(u) be the third derivative of -u**4/24 - u**3/6 - u**2. Suppose -4*j - 64 = 8*k, 0 = -j + 4*k + 30 - 16. Determine p(j).
5
Let j(y) = -y**2 + y - 13. Suppose r = -5*n - 10, 19*n - 2 = 20*n. What is j(r)?
-13
Let p(s) = 2 + 5*s**2 + 64*s**3 - 20*s**3 - 19*s**3 - 5 - 26*s**3 - 5*s. Determine p(5).
-28
Let u(b) = -3*b**2 + 3*b + 59. Let p(d) = d**2 - d - 20. Let o(n) = 11*p(n) + 4*u(n). Determine o(0).
16
Let f(b) = -b**2 + 3*b + 1. Suppose 0 = 3*v - 4 - 2. Suppose -6 = -3*n - v*c, 0 = n - 7*c + 4*c - 13. Determine f(n).
-3
Let u = 1384 + -1388. Let y(d) = 9*d - 4. Determine y(u).
-40
Let c(a) = -119*a + 70. Let o(p) = 10*p - 6. Let l(x) = 3*c(x) + 35*o(x). Determine l(1).
-7
Let l(j) be the first derivative of -j**3/3 + 5*j**2/2 - 2*j - 19. Let m = -17 + 20. Calculate l(m).
4
Suppose -2*m = -9*m + 119. Let n = 11 - m. Let x(q) = -q**3 - 6*q**2 - q - 7. Give x(n).
-1
Let k(r) = 31*r + 88. Let w be k(-3). Suppose 0 = -3*g - 6 - 0. Let f(c) = 2. Let j(d) = -d + 1. Let p(o) = g*j(o) + f(o). Calculate p(w).
-10
Let h be 10/(-45) - (0 - (-237)/27) - -6. Let v(j) be the first derivative of j**4/4 + 2*j**3/3 - j**2/2 - j + 1. Calculate v(h).
-7
Let p = 111 + -113. Let k be -4 + 0 + (p - (-28)/7). Let m(n) = -2*n**2 - 1. What is m(k)?
-9
Suppose i - 3 = p - 1, -8 = p - 4*i. Suppose p = 5*z - 2*n + 38, 4*z + 3*n = 5*n - 32. Let v(c) = 0*c**2 - 24 - 8*c - c**2 + 41 - 25. Give v(z).
4
Suppose s + 0*a = 2*a + 6, -5*s - 25 = a. Let v(g) = -g**3 - 5*g**2 - 2*g + 2. Determine v(s).
-6
Let l(c) = -5*c - 1 + 50*c**3 - 5*c**2 - 51*c**3 + 0*c + 3*c - c. What is l(-6)?
53
Suppose i + 2 + 1 = 0. Let j(q) = -7 + 5 + 0 - 2*q. What is j(i)?
4
Let t(r) = -8*r - 24. Let h(f) = 2*f + 2. Let z(j) = 12*h(j) + t(j). Suppose 4*l + 4*g = 2 + 6, 5 = 3*l + 2*g. Calculate z(l).
16
Let o = -2 - -3. Let d(h) = h**2 + 7*h + 13. Let f be d(-5). Let z(l) = -8 + 22 - 15 - f*l. Calculate z(o).
-4
Let a be (-590)/(-30) + 4/(-6). Suppose m + 7 = 2*b, 0 = -5*b + 6 + a. Let p(f) = 4*f**2 + f - 4. Let j(t) = t**2 + t. Let i(o) = -2*j(o) + p(o). What is i(m)?
11
Let k be ((-121)/33)/11*0. Let q(v) = 2*v**2 - 4*v + 2. Let u be q(2). Let p(x) = -2 - 2*x**2 + x**u + 9. What is p(k)?
7
Let h(b) = -3*b - 4. Let i(x) = -x**2 - 21*x - 12. Let p be i(-17). Let f = -59 + p. Determine h(f).
5
Let s(i) = -3*i**3 - i**2 + 3*i + 2. Suppose 5*l - 24 = 21. Suppose 0 = -3*a - 3*f - l, 0 = 3*a + 4*f + 10 - 0. Give s(a).
16
Let w = -229 + 236. Let g(n) = n**3 - 7*n**2 - 4*n - 8. Determine g(w).
-36
Let y(h) = -h + 13. Let s be y(11). Let k(i) = 1 - 1 - 3*i - 2 - 2. Let c(x) = -5*x - 9. Let a(u) = 3*c(u) - 7*k(u). Calculate a(s).
13
Let i(x) = -x**2 + 8*x. Let y = -37 + 65. Suppose 4*n + y = 2*q, n + n + 6 = -q. Suppose 2*k + 8 = 5*z, -q*k + 8 = -5*z + z. What is i(k)?
12
Let z(d) = 13*d**2 + 11*d + 14. Let y(f) = -3*f**2 - 2*f - 1. Let p(c) = -5*y(c) - z(c). Calculate p(0).
-9
Let y(j) = -9*j**2 - 6*j + j**3 - 15 + 6 + 3*j**2. Suppose 0 = -4*f + 12, v - 4*f = 6*v - 112. Suppose 5*g + v = 0, -3 - 31 = -2*d + 5*g. Give y(d).
-2
Let l(c) = c**2 + 9*c - 8. Let r be 2*11/((-110)/35). Calculate l(r).
-22
Suppose -27*x - 16*x = 172. Let l(d) = -10*d - 33. Determine l(x).
7
Let c(q) = -q**2 - 514 + 2*q + 512 - 2*q + 8*q**3. What is c(2)?
58
Let h = 2/1847 + 1843/3694. Let z(l) be the second derivative of 2*l**2 + 6*l - h*l**3 + 0. Give z(3).
-5
Suppose 5*x = 3*x. Suppose t - 3*k + 2*k - 6 = 0, x = 4*t - 5*k - 29. Let u(y) = 2*y + 1 - t - y. Give u(7).
7
Let d(t) be the second derivative of -t**5/20 - 2*t**4/3 + t**3/2 + 6*t + 5. Give d(-8).
-24
Let o(m) be the third derivative of m**6/120 + m**5/60 - m**3/6 + 4*m**2 + 13. What is o(1)?
1
Let u(r) be the second derivative of r**3 - 87*r**2/2 - 7*r - 36. Calculate u(14).
-3
Let c = -22 + 28. Let q(z) = 3*z**2 + 3*z**2 + 1 - 8*z**2 + 3*z**2 - c*z. Calculate q(5).
-4
Let w(n) = 3*n**3 + 5*n + 7. Let o(i) = 8*i**3 - i**2 + 14*i + 21. Let p(a) = 4*o(a) - 11*w(a). What is p(-5)?
27
Let u(k) be the first derivative of -k**2/2 + 13*k + 238. Calculate u(0).
13
Let s(q) = -q**3 - q**2 + 2*q - 2. Let i be s(-3). Suppose -3*l - i = -l. Let m(k) = k**2 + 3*k + 7. Calculate m(l).
17
Let s(o) = -o - 16*o + 13*o - 9 + 4. What is s(-4)?
11
Let j(d) = -12*d - 8. Let m(p) = -6*p - 4. Let l(v) = 3*j(v) - 5*m(v). Let z = -9070 + 9065. Calculate l(z).
26
Let d(i) = 3*i**2 + 6*i - 1. Let